{"id":464,"date":"2020-09-09T13:53:45","date_gmt":"2020-09-09T11:53:45","guid":{"rendered":"https:\/\/skolahorsice.cz\/w\/?page_id=464"},"modified":"2026-02-02T14:21:09","modified_gmt":"2026-02-02T13:21:09","slug":"dokumenty-4","status":"publish","type":"page","link":"https:\/\/skolahorsice.cz\/w\/dokumenty-4\/","title":{"rendered":"Dokumenty"},"content":{"rendered":"\n<figure class=\"wp-block-table aligncenter is-style-stripes\"><table class=\"has-background\" style=\"background-color:#fcf0ef\"><tbody><tr><td class=\"has-text-align-center\" data-align=\"center\"><span style=\"text-decoration: underline;\"><a href=\"https:\/\/skolahorsice.cz\/w\/wp-content\/uploads\/2025\/10\/skolni.odt\">\u0160koln\u00ed \u0159\u00e1d M\u0160<\/a><\/span><\/td><\/tr><tr><td class=\"has-text-align-center\" data-align=\"center\"><span style=\"text-decoration: underline;\"><a href=\"https:\/\/skolahorsice.cz\/w\/wp-content\/uploads\/2026\/02\/svp.pdf\">\u0160koln\u00ed vzd\u011bl\u00e1vac\u00ed program<\/a><\/span><\/td><\/tr><tr><td class=\"has-text-align-center\" data-align=\"center\"><span style=\"text-decoration: underline;\"><a href=\"https:\/\/skolahorsice.cz\/w\/formulare-ke-stazeni\/\">Formul\u00e1\u0159e ke sta\u017een\u00ed<\/a><\/span><\/td><\/tr><tr><td class=\"has-text-align-center\" data-align=\"center\"><a href=\"https:\/\/skolahorsice.cz\/w\/wp-content\/uploads\/2025\/09\/ulata.pdf\"><span style=\"text-decoration: underline;\">V\u00fd\u0161e \u00faplaty za \u0160D a M\u0160. od 1. 9. 2025<\/span><\/a><\/td><\/tr><\/tbody><\/table><\/figure>\n","protected":false},"excerpt":{"rendered":"<p>\u0160koln\u00ed \u0159\u00e1d M\u0160 \u0160koln\u00ed vzd\u011bl\u00e1vac\u00ed program Formul\u00e1\u0159e ke sta\u017een\u00ed V\u00fd\u0161e \u00faplaty za \u0160D a M\u0160. od 1. 9. 2025<\/p>\n","protected":false},"author":1,"featured_media":0,"parent":0,"menu_order":0,"comment_status":"closed","ping_status":"closed","template":"","meta":{"footnotes":""},"class_list":["post-464","page","type-page","status-publish","hentry"],"_links":{"self":[{"href":"https:\/\/skolahorsice.cz\/w\/wp-json\/wp\/v2\/pages\/464","targetHints":{"allow":["GET"]}}],"collection":[{"href":"https:\/\/skolahorsice.cz\/w\/wp-json\/wp\/v2\/pages"}],"about":[{"href":"https:\/\/skolahorsice.cz\/w\/wp-json\/wp\/v2\/types\/page"}],"author":[{"embeddable":true,"href":"https:\/\/skolahorsice.cz\/w\/wp-json\/wp\/v2\/users\/1"}],"replies":[{"embeddable":true,"href":"https:\/\/skolahorsice.cz\/w\/wp-json\/wp\/v2\/comments?post=464"}],"version-history":[{"count":9,"href":"https:\/\/skolahorsice.cz\/w\/wp-json\/wp\/v2\/pages\/464\/revisions"}],"predecessor-version":[{"id":10520,"href":"https:\/\/skolahorsice.cz\/w\/wp-json\/wp\/v2\/pages\/464\/revisions\/10520"}],"wp:attachment":[{"href":"https:\/\/skolahorsice.cz\/w\/wp-json\/wp\/v2\/media?parent=464"}],"curies":[{"name":"wp","href":"https:\/\/api.w.org\/{rel}","templated":true}]}}