{"id":369,"date":"2020-08-06T09:49:50","date_gmt":"2020-08-06T07:49:50","guid":{"rendered":"https:\/\/skolahorsice.cz\/w\/?page_id=369"},"modified":"2025-09-04T10:57:13","modified_gmt":"2025-09-04T08:57:13","slug":"dokumenty-3","status":"publish","type":"page","link":"https:\/\/skolahorsice.cz\/w\/dokumenty-3\/","title":{"rendered":"Dokumenty"},"content":{"rendered":"\n<figure class=\"wp-block-table aligncenter is-style-stripes\"><table class=\"has-background\" style=\"background-color:#fcf0ef\"><tbody><tr><td class=\"has-text-align-center\" data-align=\"center\"><span style=\"text-decoration: underline;\"><a href=\"https:\/\/skolahorsice.cz\/w\/wp-content\/uploads\/2025\/09\/vnitrnisj.odt\">Vnit\u0159n\u00ed \u0159\u00e1d \u0160J<\/a><\/span><\/td><\/tr><tr><td class=\"has-text-align-center\" data-align=\"center\"><span style=\"text-decoration: underline;\"><a href=\"https:\/\/skolahorsice.cz\/w\/wp-content\/uploads\/2025\/09\/provoznisj.doc\">Provozn\u00ed \u0159\u00e1d \u0160J<\/a><\/span><\/td><\/tr><\/tbody><\/table><\/figure>\n","protected":false},"excerpt":{"rendered":"<p>Vnit\u0159n\u00ed \u0159\u00e1d \u0160J Provozn\u00ed \u0159\u00e1d \u0160J<\/p>\n","protected":false},"author":1,"featured_media":0,"parent":0,"menu_order":0,"comment_status":"closed","ping_status":"closed","template":"","meta":{"footnotes":""},"class_list":["post-369","page","type-page","status-publish","hentry"],"_links":{"self":[{"href":"https:\/\/skolahorsice.cz\/w\/wp-json\/wp\/v2\/pages\/369","targetHints":{"allow":["GET"]}}],"collection":[{"href":"https:\/\/skolahorsice.cz\/w\/wp-json\/wp\/v2\/pages"}],"about":[{"href":"https:\/\/skolahorsice.cz\/w\/wp-json\/wp\/v2\/types\/page"}],"author":[{"embeddable":true,"href":"https:\/\/skolahorsice.cz\/w\/wp-json\/wp\/v2\/users\/1"}],"replies":[{"embeddable":true,"href":"https:\/\/skolahorsice.cz\/w\/wp-json\/wp\/v2\/comments?post=369"}],"version-history":[{"count":4,"href":"https:\/\/skolahorsice.cz\/w\/wp-json\/wp\/v2\/pages\/369\/revisions"}],"predecessor-version":[{"id":9353,"href":"https:\/\/skolahorsice.cz\/w\/wp-json\/wp\/v2\/pages\/369\/revisions\/9353"}],"wp:attachment":[{"href":"https:\/\/skolahorsice.cz\/w\/wp-json\/wp\/v2\/media?parent=369"}],"curies":[{"name":"wp","href":"https:\/\/api.w.org\/{rel}","templated":true}]}}